356 is divided by 37.
24
What is the remainder when 621 is divided by 118?
31
What is the remainder when 1811 is divided by 12?
11
What is the remainder when 90 is divided by 32?
26
What is the remainder when 249 is divided by 145?
104
What is the remainder when 85 is divided by 30?
25
What is the remainder when 3427 is divided by 27?
25
What is the remainder when 83 is divided by 28?
27
What is the remainder when 40 is divided by 22?
18
What is the remainder when 1098 is divided by 73?
3
What is the remainder when 10187 is divided by 3395?
2
Calculate the remainder when 2114 is divided by 130.
34
What is the remainder when 741 is divided by 386?
355
Calculate the remainder when 12371 is divided by 23.
20
What is the remainder when 1050 is divided by 13?
10
What is the remainder when 208 is divided by 19?
18
What is the remainder when 2208 is divided by 130?
128
Calculate the remainder when 103 is divided by 98.
5
Calculate the remainder when 805 is divided by 141.
100
Calculate the remainder when 727 is divided by 11.
1
Calculate the remainder when 138 is divided by 69.
0
Calculate the remainder when 182 is divided by 27.
20
Calculate the remainder when 4444 is divided by 1474.
22
What is the remainder when 8056 is divided by 192?
184
What is the remainder when 210 is divided by 65?
15
Calculate the remainder when 233 is divided by 39.
38
What is the remainder when 2540 is divided by 41?
39
What is the remainder when 242 is divided by 19?
14
What is the remainder when 1285 is divided by 81?
70
What is the remainder when 9747 is divided by 75?
72
Calculate the remainder when 66 is divided by 10.
6
What is the remainder when 617 is divided by 303?
11
What is the remainder when 355 is divided by 246?
109
What is the remainder when 129 is divided by 10?
9
Calculate the remainder when 1116 is divided by 77.
38
Calculate the remainder when 230 is divided by 40.
30
What is the remainder when 507 is divided by 122?
19
Calculate the remainder when 1137 is divided by 144.
129
Calculate the remainder when 24 is divided by 22.
2
What is the remainder when 176 is divided by 62?
52
What is the remainder when 77 is divided by 37?
3
Calculate the remainder when 19 is divided by 6.
1
Calculate the remainder when 42 is divided by 16.
10
What is the remainder when 748 is divided by 211?
115
Calculate the remainder when 423 is divided by 132.
27
What is the remainder when 3079 is divided by 28?
27
What is the remainder when 439 is divided by 4?
3
Calculate the remainder when 532 is divided by 86.
16
Calculate the remainder when 198 is divided by 51.
45
Calculate the remainder when 80 is divided by 21.
17
Calculate the remainder when 271 is divided by 141.
130
What is the remainder when 823 is divided by 28?
11
Calculate the remainder when 947 is divided by 23.
4
Calculate the remainder when 514 is divided by 74.
70
What is the remainder when 771 is divided by 43?
40
Calculate the remainder when 1759 is divided by 150.
109
What is the remainder when 28 is divided by 15?
13
Calculate the remainder when 5562 is divided by 121.
117
What is the remainder when 767 is divided by 87?
71
What is the remainder when 1630 is divided by 16?
14
Calculate the remainder when 161 is divided by 18.
17
What is the remainder when 13 is divided by 6?
1
What is the remainder when 2736 is divided by 119?
118
Calculate the remainder when 56 is divided by 15.
11
Calculate the remainder when 72 is divided by 39.
33
Calculate the remainder when 136 is divided by 50.
36
Calculate the remainder when 697 is divided by 50.
47
Calculate the remainder when 6194 is divided by 53.
46
Calculate the remainder when 832 is divided by 167.
164
What is the remainder when 416 is divided by 143?
130
Calculate the remainder when 26 is divided by 22.
4
What is the remainder when 89 is divided by 4?
1
What is the remainder when 551 is divided by 106?
21
Calculate the remainder when 200 is divided by 3.
2
What is the remainder when 102 is divided by 30?
12
Calculate the remainder when 611 is divided by 98.
23
What is the remainder when 232 is divided by 99?
34
What is the remainder when 1858 is divided by 19?
15
Calculate the remainder when 3935 is divided by 39.
35
What is the remainder when 11947 is divided by 249?
244
What is the remainder when 3002 is divided by 143?
142
Calculate the remainder when 132 is divided by 121.
11
What is the remainder when 1401 is divided by 237?
216
Calculate the remainder when 1410 is divided by 1398.
12
What is the remainder when 426 is divided by 71?
0
Calculate the remainder when 495 is divided by 91.
40
What is the remainder when 122 is divided by 19?
8
What is the remainder when 142 is divided by 14?
2
Calculate the remainder when 521 is divided by 25.
21
What is the remainder when 35 is divided by 7?
0
What is the remainder when 220 is divided by 74?
72
What is the remainder when 57 is divided by 22?
13
What is the remainder when 107 is divided by 30?
17
What is the remainder when 415 is divided by 32?
31
What is the remainder when 99 is divided by 34?
31
What is the remainder when 1363 is divided by 24?
19
What is the remainder when 10 is divided by 10?
0
What is the remainder when 142 is divided by 75?
67
What is the remainder when 302 is divided by 38?
36
Calculate the remainder when 3793 is divided by 88.
9
Calculate the remainder when 2323 is divided by 121.
24
Calculate the remainder when 509 is divided by 77.
47
What is the remainder when 60 is divided by 25?
10
Calculate the remainder when 599 is divided by 204.
191
Calculate the remainder when 110 is divided by 37.
36
Calculate the remainder when 91 is divided by 41.
9
Calculate the remainder when 632 is divided by 123.
17
What is the remainder when 183 is divided by 62?
59
What is the remainder when 492 is divided by 10?
2
What is the remainder when 191 is divided by 56?
23
What is the remainder when 357 is divided by 92?
81
What is the remainder when 5873 is divided by 22?
21
Calculate the remainder when 116 is divided by 48.
20
What is the remainder when 1846 is divided by 14?
12
Calculate the remainder when 6910 is divided by 288.
286
Calculate the remainder when 4105 is divided by 15.
10
Calculate the remainder when 2411 is divided by 1199.
13
Calculate the remainder when 81 is divided by 2.
1
Calculate the remainder when 80 is divided by 47.
33
What is the remainder when 3233 is divided by 14?
13
Calculate the remainder when 1435 is divided by 357.
7
What is the remainder when 199 is divided by 41?
35
Calculate the remainder when 2518 is divided by 63.
61
Calculate the remainder when 235 is divided by 11.
4
What is the remainder when 21 is divided by 13?
8
Calculate the remainder when 114 is divided by 10.
4
Calculate the remainder when 224 is divided by 72.
8
What is the remainder when 198 is divided by 82?
34
What is the remainder when 131 is divided by 17?
12
What is the remainder when 748 is divided by 42?
34
What is the remainder when 382 is divided by 11?
8
Calculate the remainder when 4117 is divided by 457.
4
What is the remainder when 2210 is divided by 28?
26
Calculate the remainder when 1024 is divided by 33.
1
Calculate the remainder when 62 is divided by 39.
23
What is the remainder when 1037 is divided by 52?
49
What is the remainder when 890 is divided by 19?
16
What is the remainder when 322 is divided by 33?
25
What is the remainder when 429 is divided by 9?
6
What is the remainder when 2334 is divided by 83?
10
Calculate the remainder when 2308 is divided by 12.
4
Calculate the remainder when 1222 is divided by 303.
10
What is the remainder when 1078 is divided by 155?
148
What is the remainder when 789 is divided by 36?
33
What is the remainder when 14 is divided by 8?
6
Calculate the remainder when 296 is divided by 76.
68
Calculate the remainder when 540 is divided by 188.
164
What is the remainder when 298 is divided by 112?
74
What is the remainder when 1253 is divided by 316?
305
What is the remainder when 188 is divided by 71?
46
Calculate the remainder when 5663 is divided by 809.
0
What is the remainder when 218 is divided by 62?
32
Calculate the remainder when 422 is divided by 18.
8
Calculate the remainder when 31 is divided by 4.
3
Calculate the remainder when 56 is di